{"id":111,"date":"2022-09-02T13:34:51","date_gmt":"2022-09-02T13:34:51","guid":{"rendered":"https:\/\/portal.unotja.org.bo\/?page_id=111"},"modified":"2023-03-30T14:34:59","modified_gmt":"2023-03-30T14:34:59","slug":"requisitos-de-admision","status":"publish","type":"page","link":"https:\/\/unotja.org.bo\/index.php\/requisitos-de-admision\/","title":{"rendered":"Requisitos de Admisi\u00f3n"},"content":{"rendered":"\n<div class=\"wp-block-columns alignfull are-vertically-aligned-top is-layout-flex wp-container-4 wp-block-columns-is-layout-flex\">\n<div class=\"wp-block-column is-vertically-aligned-top is-layout-flow wp-block-column-is-layout-flow\" style=\"flex-basis:100%\">\n<div class=\"wp-block-columns is-layout-flex wp-container-2 wp-block-columns-is-layout-flex\">\n<div class=\"wp-block-column is-layout-flow wp-block-column-is-layout-flow\">\n<p><\/p>\n\n\n<div class=\"n2-section-smartslider fitvidsignore  n2_clear\" data-ssid=\"3\"><div id=\"n2-ss-3-align\" class=\"n2-ss-align\"><div class=\"n2-padding\"><div id=\"n2-ss-3\" data-creator=\"Smart Slider 3\" data-responsive=\"auto\" class=\"n2-ss-slider n2-ow n2-has-hover n2notransition  \">\n        <div class=\"n2-ss-slider-1 n2_ss__touch_element n2-ow\">\n            <div class=\"n2-ss-slider-2 n2-ow\">\n                                                <div class=\"n2-ss-slider-3 n2-ow\">\n\n                    <div class=\"n2-ss-slide-backgrounds n2-ow-all\"><div class=\"n2-ss-slide-background\" data-public-id=\"1\" data-mode=\"fill\"><div class=\"n2-ss-slide-background-image\" data-blur=\"0\" data-opacity=\"100\" data-x=\"54\" data-y=\"34\" data-alt=\"\" data-title=\"\" style=\"--ss-o-pos-x:54%;--ss-o-pos-y:34%\"><picture class=\"skip-lazy\" data-skip-lazy=\"1\"><img decoding=\"async\" src=\"\/\/unotja.org.bo\/wp-content\/uploads\/2022\/09\/fondobanner.jpg\" alt=\"\" title=\"\" loading=\"lazy\" class=\"skip-lazy\" data-skip-lazy=\"1\"><\/picture><\/div><div data-gradient=\"diagonal1\" data-color-start=\"RGBA(1,18,103,1)\" data-color-end=\"RGBA(255,255,255,0)\" style=\"background:linear-gradient(45deg, RGBA(1,18,103,1) 0%,RGBA(255,255,255,0) 100%);\" class=\"n2-ss-slide-background-color\" data-overlay=\"1\"><\/div><\/div><div class=\"n2-ss-slide-background\" data-public-id=\"2\" data-mode=\"fill\"><div class=\"n2-ss-slide-background-image\" data-blur=\"0\" data-opacity=\"100\" data-x=\"54\" data-y=\"34\" data-alt=\"\" data-title=\"\" style=\"--ss-o-pos-x:54%;--ss-o-pos-y:34%\"><picture class=\"skip-lazy\" data-skip-lazy=\"1\"><img decoding=\"async\" src=\"\/\/unotja.org.bo\/wp-content\/uploads\/2022\/09\/fondobanner.jpg\" alt=\"\" title=\"\" loading=\"lazy\" class=\"skip-lazy\" data-skip-lazy=\"1\"><\/picture><\/div><div data-gradient=\"diagonal1\" data-color-start=\"RGBA(1,18,103,1)\" data-color-end=\"RGBA(255,255,255,0)\" style=\"background:linear-gradient(45deg, RGBA(1,18,103,1) 0%,RGBA(255,255,255,0) 100%);\" class=\"n2-ss-slide-background-color\" data-overlay=\"1\"><\/div><\/div><\/div>                    <div class=\"n2-ss-slider-4 n2-ow\">\n                        <svg xmlns=\"http:\/\/www.w3.org\/2000\/svg\" viewBox=\"0 0 1200 300\" data-related-device=\"desktopPortrait\" class=\"n2-ow n2-ss-preserve-size n2-ss-preserve-size--slider n2-ss-slide-limiter\"><\/svg><div data-first=\"1\" data-slide-duration=\"0\" data-id=\"13\" data-slide-public-id=\"1\" data-title=\"medicinabg\" class=\"n2-ss-slide n2-ow  n2-ss-slide-13\"><div role=\"note\" class=\"n2-ss-slide--focus\" tabindex=\"-1\">medicinabg<\/div><div class=\"n2-ss-layers-container n2-ss-slide-limiter n2-ow\"><div class=\"n2-ss-layer n2-ow n-uc-qqHjjKTMPTvM\" data-sstype=\"slide\" data-pm=\"default\"><div class=\"n2-ss-layer n2-ow n-uc-uywgUiscJWyZ\" data-pm=\"default\" data-sstype=\"content\" data-hasbackground=\"0\"><div class=\"n2-ss-section-main-content n2-ss-layer-with-background n2-ss-layer-content n2-ow n-uc-uywgUiscJWyZ-inner\"><div class=\"n2-ss-layer n2-ow n2-ss-layer--block n2-ss-has-self-align n-uc-1666cd0e01ade\" data-pm=\"normal\" data-sstype=\"row\"><div class=\"n2-ss-layer-row n2-ss-layer-with-background n-uc-1666cd0e01ade-inner\"><div class=\"n2-ss-layer-row-inner \"><div class=\"n2-ss-layer n2-ow n-uc-1f636923f413b\" data-pm=\"default\" data-sstype=\"col\"><div class=\"n2-ss-layer-col n2-ss-layer-with-background n2-ss-layer-content n-uc-1f636923f413b-inner\"><div class=\"n2-ss-layer n2-ow n-uc-s9haU5munaN5\" data-pm=\"normal\" data-sstype=\"layer\"><div class=\" n2-ss-item-image-content n2-ss-item-content n2-ow-all\"><img decoding=\"async\" loading=\"lazy\" id=\"n2-ss-3item1\" alt=\"\" class=\"skip-lazy\" width=\"320\" height=\"200\" data-skip-lazy=\"1\" src=\"\/\/unotja.org.bo\/wp-content\/uploads\/2022\/09\/logo-uno-tr.png\" \/><\/div><\/div><\/div><\/div><\/div><\/div><\/div><\/div><\/div><\/div><\/div><\/div><div data-slide-duration=\"0\" data-id=\"13\" data-slide-public-id=\"2\" data-title=\"medicinabg\" class=\"n2-ss-slide n2-ow  n2-ss-slide-13\"><div role=\"note\" class=\"n2-ss-slide--focus\" tabindex=\"-1\">medicinabg<\/div><div class=\"n2-ss-layers-container n2-ss-slide-limiter n2-ow\"><div class=\"n2-ss-layer n2-ow n-uc-RbSeQpUggij0\" data-sstype=\"slide\" data-pm=\"default\"><div class=\"n2-ss-layer n2-ow n-uc-uywgUiscJWyZ\" data-pm=\"default\" data-sstype=\"content\" data-hasbackground=\"0\"><div class=\"n2-ss-section-main-content n2-ss-layer-with-background n2-ss-layer-content n2-ow n-uc-uywgUiscJWyZ-inner\"><div class=\"n2-ss-layer n2-ow n2-ss-layer--block n2-ss-has-self-align n-uc-1666cd0e01ade\" data-pm=\"normal\" data-sstype=\"row\"><div class=\"n2-ss-layer-row n2-ss-layer-with-background n-uc-1666cd0e01ade-inner\"><div class=\"n2-ss-layer-row-inner \"><div class=\"n2-ss-layer n2-ow n-uc-1f636923f413b\" data-pm=\"default\" data-sstype=\"col\"><div class=\"n2-ss-layer-col n2-ss-layer-with-background n2-ss-layer-content n-uc-1f636923f413b-inner\"><div class=\"n2-ss-layer n2-ow n-uc-s9haU5munaN5\" data-pm=\"normal\" data-sstype=\"layer\"><div class=\" n2-ss-item-image-content n2-ss-item-content n2-ow-all\"><img decoding=\"async\" id=\"n2-ss-3item2\" alt=\"\" class=\"skip-lazy\" loading=\"lazy\" width=\"320\" height=\"200\" data-skip-lazy=\"1\" src=\"\/\/unotja.org.bo\/wp-content\/uploads\/2022\/09\/logo-uno-tr.png\" \/><\/div><\/div><\/div><\/div><\/div><\/div><\/div><\/div><\/div><\/div><\/div><\/div>                    <\/div>\n\n                                    <\/div>\n            <\/div>\n        <\/div>\n        <\/div><ss3-loader><\/ss3-loader><\/div><\/div><div class=\"n2_clear\"><\/div><\/div><\/div>\n<\/div>\n<\/div>\n<\/div>\n\n\n\n<h2 class=\"wp-block-heading\">Requisitos de Admisi\u00f3n<\/h2>\n\n\n\n<h4 class=\"wp-block-heading\">Requisitos para Estudiantes Nacionales<\/h4>\n\n\n\n<ul>\n<li>&nbsp;Fotocopia legalizada del Diploma de Bachiller (*).<\/li>\n\n\n\n<li>&nbsp;Fotocopia de la libreta de calificaciones del \u00faltimo a\u00f1o.<\/li>\n\n\n\n<li>&nbsp;Fotocopia del carnet de identidad.<\/li>\n\n\n\n<li>&nbsp;Certificado de nacimiento original.<\/li>\n\n\n\n<li>&nbsp;3 Fotograf\u00edas 3 x 4 fondo blanco.<\/li>\n<\/ul>\n\n\n\n<h4 class=\"wp-block-heading\">Requisitos para Estudiantes Extranjeros<\/h4>\n\n\n\n<ul>\n<li>Fotocopia del Diploma de Bachiller legalizada por: Ministerio de educaci\u00f3n del pa\u00eds de Origen; Ministerio de Relaciones Exteriores del pa\u00eds de origen; Ministerio de Relaciones Exteriores en Bolivia.<\/li>\n\n\n\n<li>&nbsp;Certificado de Nacimiento, debidamente legalizado por: el Ministerio de Relaciones Exteriores y su respectiva traducci\u00f3n, si corresponde; Consulado de Bolivia en el pa\u00eds; Ministerio de Relaciones exteriores en Bolivia.<\/li>\n\n\n\n<li>&nbsp;Fotocopia del pasaporte.<\/li>\n\n\n\n<li>&nbsp;VISA de estudiante vigente.<\/li>\n\n\n\n<li>&nbsp;2 Fotograf\u00edas 3 x 4 fondo blanco.<\/li>\n<\/ul>\n\n\n\n<h4 class=\"wp-block-heading\">Requisitos para Convalidaciones<\/h4>\n\n\n\n<ul>\n<li>Fotocopia legalizada del t\u00edtulo de bachiller.<\/li>\n\n\n\n<li>&nbsp;Fotocopia de Carnet de Identidad.<\/li>\n\n\n\n<li>&nbsp;Certificado de nacimiento original.<\/li>\n\n\n\n<li>&nbsp;3 Fotograf\u00edas 3 x 4 fondo blanco.<\/li>\n\n\n\n<li>\u00a0Certificados de notas originales de la universidad de origen (1 ejemplar).<\/li>\n\n\n\n<li>&nbsp;Programas anal\u00edticos originales (1 ejemplar).<\/li>\n\n\n\n<li>&nbsp;Resoluci\u00f3n de apertura de la carrera.<\/li>\n\n\n\n<li>&nbsp;Historial Acad\u00e9mico.<\/li>\n\n\n\n<li>&nbsp;Plan de estudios de la carrera cursada con carga horaria.<\/li>\n<\/ul>\n","protected":false},"excerpt":{"rendered":"<p>Requisitos de Admisi\u00f3n Requisitos para Estudiantes Nacionales Requisitos para Estudiantes Extranjeros Requisitos para Convalidaciones<\/p>\n","protected":false},"author":1,"featured_media":0,"parent":0,"menu_order":0,"comment_status":"closed","ping_status":"closed","template":"","meta":{"neve_meta_sidebar":"","neve_meta_container":"contained","neve_meta_enable_content_width":"on","neve_meta_content_width":80,"neve_meta_title_alignment":"","neve_meta_author_avatar":"","neve_post_elements_order":"","neve_meta_disable_header":"","neve_meta_disable_footer":"","neve_meta_disable_title":"on","footnotes":""},"_links":{"self":[{"href":"https:\/\/unotja.org.bo\/index.php\/wp-json\/wp\/v2\/pages\/111"}],"collection":[{"href":"https:\/\/unotja.org.bo\/index.php\/wp-json\/wp\/v2\/pages"}],"about":[{"href":"https:\/\/unotja.org.bo\/index.php\/wp-json\/wp\/v2\/types\/page"}],"author":[{"embeddable":true,"href":"https:\/\/unotja.org.bo\/index.php\/wp-json\/wp\/v2\/users\/1"}],"replies":[{"embeddable":true,"href":"https:\/\/unotja.org.bo\/index.php\/wp-json\/wp\/v2\/comments?post=111"}],"version-history":[{"count":30,"href":"https:\/\/unotja.org.bo\/index.php\/wp-json\/wp\/v2\/pages\/111\/revisions"}],"predecessor-version":[{"id":313,"href":"https:\/\/unotja.org.bo\/index.php\/wp-json\/wp\/v2\/pages\/111\/revisions\/313"}],"wp:attachment":[{"href":"https:\/\/unotja.org.bo\/index.php\/wp-json\/wp\/v2\/media?parent=111"}],"curies":[{"name":"wp","href":"https:\/\/api.w.org\/{rel}","templated":true}]}}