{"id":1508,"date":"2023-10-09T17:07:31","date_gmt":"2023-10-09T21:07:31","guid":{"rendered":"https:\/\/unotja.org.bo\/?page_id=1508"},"modified":"2024-08-12T09:39:25","modified_gmt":"2024-08-12T13:39:25","slug":"noticias-2","status":"publish","type":"page","link":"https:\/\/unotja.org.bo\/index.php\/noticias-2\/","title":{"rendered":"Noticias"},"content":{"rendered":"\n<p>\u00a1Inspiraci\u00f3n y Crecimiento con el Dr. Erwin Hugo Humerez desde M\u00e9xico!<img decoding=\"async\" loading=\"lazy\" height=\"16\" width=\"16\" alt=\"\ud83c\uddf2\ud83c\uddfd\" src=\"https:\/\/static.xx.fbcdn.net\/images\/emoji.php\/v9\/t50\/1\/16\/1f1f2_1f1fd.png\"><\/p>\n\n\n\n<p>Tuvimos el honor de contar con la presencia del Dr. Erwin Hugo Humerez, quien nos ofreci\u00f3 un taller excepcional sobre \u00abTu Proyecto Integral de Vida Plena&#8230; \u00a1En una P\u00e1gina!\u00bb. Durante esta sesi\u00f3n, los participantes tuvieron la oportunidad de adquirir herramientas esenciales para alinear sus metas personales y profesionales con los principios fundamentales de integridad, respeto y responsabilidad.<\/p>\n\n\n\n<p>Este <a><\/a>curso gratuito permiti\u00f3 a los asistentes aprender a definir claramente sus objetivos y a construir un proyecto de vida s\u00f3lido y equilibrado, todo en una sola p\u00e1gina. <img decoding=\"async\" loading=\"lazy\" height=\"16\" width=\"16\" alt=\"\u261d\" src=\"https:\/\/static.xx.fbcdn.net\/images\/emoji.php\/v9\/t40\/1\/16\/261d.png\"><\/p>\n\n\n\n<p>Fue una experiencia enriquecedora que nos dej\u00f3 con nuevas perspectivas y estrategias para alcanzar una vida plena y significativa. \u00a1No pierdas esta oportunidad \u00fanica de crecer y desarrollarte de manera integral! <img decoding=\"async\" loading=\"lazy\" height=\"16\" width=\"16\" src=\"https:\/\/static.xx.fbcdn.net\/images\/emoji.php\/v9\/t64\/1\/16\/1f91d.png\" alt=\"\ud83e\udd1d\"><\/p>\n\n\n\n<figure class=\"wp-block-gallery has-nested-images columns-default is-cropped wp-block-gallery-1 is-layout-flex wp-block-gallery-is-layout-flex\">\n<figure class=\"wp-block-image size-large\"><img decoding=\"async\" loading=\"lazy\" width=\"1024\" height=\"683\" data-id=\"2902\" src=\"https:\/\/unotja.org.bo\/wp-content\/uploads\/2024\/08\/454695543_535724178788561_910365839259928558_n-1024x683.jpg\" alt=\"\" class=\"wp-image-2902\" srcset=\"https:\/\/unotja.org.bo\/wp-content\/uploads\/2024\/08\/454695543_535724178788561_910365839259928558_n-1024x683.jpg 1024w, https:\/\/unotja.org.bo\/wp-content\/uploads\/2024\/08\/454695543_535724178788561_910365839259928558_n-300x200.jpg 300w, https:\/\/unotja.org.bo\/wp-content\/uploads\/2024\/08\/454695543_535724178788561_910365839259928558_n-768x512.jpg 768w, https:\/\/unotja.org.bo\/wp-content\/uploads\/2024\/08\/454695543_535724178788561_910365839259928558_n-1536x1024.jpg 1536w, https:\/\/unotja.org.bo\/wp-content\/uploads\/2024\/08\/454695543_535724178788561_910365839259928558_n-930x620.jpg 930w, https:\/\/unotja.org.bo\/wp-content\/uploads\/2024\/08\/454695543_535724178788561_910365839259928558_n.jpg 2048w\" sizes=\"(max-width: 1024px) 100vw, 1024px\" \/><\/figure>\n\n\n\n<figure class=\"wp-block-image size-large\"><img decoding=\"async\" loading=\"lazy\" width=\"1024\" height=\"683\" data-id=\"2900\" src=\"https:\/\/unotja.org.bo\/wp-content\/uploads\/2024\/08\/454754798_535723958788583_8966212487609521541_n-1024x683.jpg\" alt=\"\" class=\"wp-image-2900\" srcset=\"https:\/\/unotja.org.bo\/wp-content\/uploads\/2024\/08\/454754798_535723958788583_8966212487609521541_n-1024x683.jpg 1024w, https:\/\/unotja.org.bo\/wp-content\/uploads\/2024\/08\/454754798_535723958788583_8966212487609521541_n-300x200.jpg 300w, https:\/\/unotja.org.bo\/wp-content\/uploads\/2024\/08\/454754798_535723958788583_8966212487609521541_n-768x512.jpg 768w, https:\/\/unotja.org.bo\/wp-content\/uploads\/2024\/08\/454754798_535723958788583_8966212487609521541_n-1536x1024.jpg 1536w, https:\/\/unotja.org.bo\/wp-content\/uploads\/2024\/08\/454754798_535723958788583_8966212487609521541_n-930x620.jpg 930w, https:\/\/unotja.org.bo\/wp-content\/uploads\/2024\/08\/454754798_535723958788583_8966212487609521541_n.jpg 2048w\" sizes=\"(max-width: 1024px) 100vw, 1024px\" \/><\/figure>\n\n\n\n<figure class=\"wp-block-image size-large\"><img decoding=\"async\" loading=\"lazy\" width=\"1024\" height=\"683\" data-id=\"2901\" src=\"https:\/\/unotja.org.bo\/wp-content\/uploads\/2024\/08\/454874419_535724005455245_140723445470091414_n-1024x683.jpg\" alt=\"\" class=\"wp-image-2901\" srcset=\"https:\/\/unotja.org.bo\/wp-content\/uploads\/2024\/08\/454874419_535724005455245_140723445470091414_n-1024x683.jpg 1024w, https:\/\/unotja.org.bo\/wp-content\/uploads\/2024\/08\/454874419_535724005455245_140723445470091414_n-300x200.jpg 300w, https:\/\/unotja.org.bo\/wp-content\/uploads\/2024\/08\/454874419_535724005455245_140723445470091414_n-768x512.jpg 768w, https:\/\/unotja.org.bo\/wp-content\/uploads\/2024\/08\/454874419_535724005455245_140723445470091414_n-1536x1024.jpg 1536w, https:\/\/unotja.org.bo\/wp-content\/uploads\/2024\/08\/454874419_535724005455245_140723445470091414_n-930x620.jpg 930w, https:\/\/unotja.org.bo\/wp-content\/uploads\/2024\/08\/454874419_535724005455245_140723445470091414_n.jpg 2048w\" sizes=\"(max-width: 1024px) 100vw, 1024px\" \/><\/figure>\n\n\n\n<figure class=\"wp-block-image size-large\"><img decoding=\"async\" loading=\"lazy\" width=\"1024\" height=\"683\" data-id=\"2899\" src=\"https:\/\/unotja.org.bo\/wp-content\/uploads\/2024\/08\/454944497_535724062121906_7449215292834227926_n-1024x683.jpg\" alt=\"\" class=\"wp-image-2899\" srcset=\"https:\/\/unotja.org.bo\/wp-content\/uploads\/2024\/08\/454944497_535724062121906_7449215292834227926_n-1024x683.jpg 1024w, https:\/\/unotja.org.bo\/wp-content\/uploads\/2024\/08\/454944497_535724062121906_7449215292834227926_n-300x200.jpg 300w, https:\/\/unotja.org.bo\/wp-content\/uploads\/2024\/08\/454944497_535724062121906_7449215292834227926_n-768x512.jpg 768w, https:\/\/unotja.org.bo\/wp-content\/uploads\/2024\/08\/454944497_535724062121906_7449215292834227926_n-1536x1024.jpg 1536w, https:\/\/unotja.org.bo\/wp-content\/uploads\/2024\/08\/454944497_535724062121906_7449215292834227926_n-930x620.jpg 930w, https:\/\/unotja.org.bo\/wp-content\/uploads\/2024\/08\/454944497_535724062121906_7449215292834227926_n.jpg 2048w\" sizes=\"(max-width: 1024px) 100vw, 1024px\" \/><\/figure>\n\n\n\n<figure class=\"wp-block-image size-large\"><img decoding=\"async\" loading=\"lazy\" width=\"1024\" height=\"683\" data-id=\"2904\" src=\"https:\/\/unotja.org.bo\/wp-content\/uploads\/2024\/08\/454944229_535724168788562_577378879323154695_n-1024x683.jpg\" alt=\"\" class=\"wp-image-2904\" srcset=\"https:\/\/unotja.org.bo\/wp-content\/uploads\/2024\/08\/454944229_535724168788562_577378879323154695_n-1024x683.jpg 1024w, https:\/\/unotja.org.bo\/wp-content\/uploads\/2024\/08\/454944229_535724168788562_577378879323154695_n-300x200.jpg 300w, https:\/\/unotja.org.bo\/wp-content\/uploads\/2024\/08\/454944229_535724168788562_577378879323154695_n-768x512.jpg 768w, https:\/\/unotja.org.bo\/wp-content\/uploads\/2024\/08\/454944229_535724168788562_577378879323154695_n-1536x1024.jpg 1536w, https:\/\/unotja.org.bo\/wp-content\/uploads\/2024\/08\/454944229_535724168788562_577378879323154695_n-930x620.jpg 930w, https:\/\/unotja.org.bo\/wp-content\/uploads\/2024\/08\/454944229_535724168788562_577378879323154695_n.jpg 2048w\" sizes=\"(max-width: 1024px) 100vw, 1024px\" \/><\/figure>\n\n\n\n<figure class=\"wp-block-image size-large\"><img decoding=\"async\" loading=\"lazy\" width=\"1024\" height=\"683\" data-id=\"2903\" src=\"https:\/\/unotja.org.bo\/wp-content\/uploads\/2024\/08\/455018916_535723892121923_517085917624415617_n-1024x683.jpg\" alt=\"\" class=\"wp-image-2903\" srcset=\"https:\/\/unotja.org.bo\/wp-content\/uploads\/2024\/08\/455018916_535723892121923_517085917624415617_n-1024x683.jpg 1024w, https:\/\/unotja.org.bo\/wp-content\/uploads\/2024\/08\/455018916_535723892121923_517085917624415617_n-300x200.jpg 300w, https:\/\/unotja.org.bo\/wp-content\/uploads\/2024\/08\/455018916_535723892121923_517085917624415617_n-768x512.jpg 768w, https:\/\/unotja.org.bo\/wp-content\/uploads\/2024\/08\/455018916_535723892121923_517085917624415617_n-1536x1024.jpg 1536w, https:\/\/unotja.org.bo\/wp-content\/uploads\/2024\/08\/455018916_535723892121923_517085917624415617_n-930x620.jpg 930w, https:\/\/unotja.org.bo\/wp-content\/uploads\/2024\/08\/455018916_535723892121923_517085917624415617_n.jpg 2048w\" sizes=\"(max-width: 1024px) 100vw, 1024px\" \/><\/figure>\n<\/figure>\n","protected":false},"excerpt":{"rendered":"<p>\u00a1Inspiraci\u00f3n y Crecimiento con el Dr. Erwin Hugo Humerez desde M\u00e9xico! Tuvimos el honor de contar con la presencia del Dr. Erwin Hugo Humerez, quien nos ofreci\u00f3 un taller excepcional sobre \u00abTu Proyecto Integral de Vida Plena&#8230; \u00a1En una P\u00e1gina!\u00bb. Durante esta sesi\u00f3n, los participantes tuvieron la oportunidad de adquirir herramientas esenciales para alinear sus&hellip;&nbsp;<a href=\"https:\/\/unotja.org.bo\/index.php\/noticias-2\/\" class=\"\" rel=\"bookmark\">Leer m\u00e1s &raquo;<span class=\"screen-reader-text\">Noticias<\/span><\/a><\/p>\n","protected":false},"author":1,"featured_media":0,"parent":0,"menu_order":0,"comment_status":"closed","ping_status":"closed","template":"","meta":{"neve_meta_sidebar":"","neve_meta_container":"","neve_meta_enable_content_width":"","neve_meta_content_width":0,"neve_meta_title_alignment":"","neve_meta_author_avatar":"","neve_post_elements_order":"","neve_meta_disable_header":"","neve_meta_disable_footer":"","neve_meta_disable_title":"","footnotes":""},"_links":{"self":[{"href":"https:\/\/unotja.org.bo\/index.php\/wp-json\/wp\/v2\/pages\/1508"}],"collection":[{"href":"https:\/\/unotja.org.bo\/index.php\/wp-json\/wp\/v2\/pages"}],"about":[{"href":"https:\/\/unotja.org.bo\/index.php\/wp-json\/wp\/v2\/types\/page"}],"author":[{"embeddable":true,"href":"https:\/\/unotja.org.bo\/index.php\/wp-json\/wp\/v2\/users\/1"}],"replies":[{"embeddable":true,"href":"https:\/\/unotja.org.bo\/index.php\/wp-json\/wp\/v2\/comments?post=1508"}],"version-history":[{"count":4,"href":"https:\/\/unotja.org.bo\/index.php\/wp-json\/wp\/v2\/pages\/1508\/revisions"}],"predecessor-version":[{"id":2905,"href":"https:\/\/unotja.org.bo\/index.php\/wp-json\/wp\/v2\/pages\/1508\/revisions\/2905"}],"wp:attachment":[{"href":"https:\/\/unotja.org.bo\/index.php\/wp-json\/wp\/v2\/media?parent=1508"}],"curies":[{"name":"wp","href":"https:\/\/api.w.org\/{rel}","templated":true}]}}