{"id":4074,"date":"2025-01-15T15:32:56","date_gmt":"2025-01-15T19:32:56","guid":{"rendered":"https:\/\/unotja.org.bo\/?page_id=4074"},"modified":"2025-01-15T15:41:51","modified_gmt":"2025-01-15T19:41:51","slug":"docente","status":"publish","type":"page","link":"https:\/\/unotja.org.bo\/index.php\/docente\/","title":{"rendered":"DOCENTES"},"content":{"rendered":"\n<div class=\"wp-block-buttons is-content-justification-center is-layout-flex wp-container-1 wp-block-buttons-is-layout-flex\">\n<div class=\"wp-block-button is-style-primary\"><a class=\"wp-block-button__link wp-element-button\" href=\"https:\/\/sistema2.uno.edu.bo\/\">INGRESO SISTEMA<\/a><\/div>\n<\/div>\n\n\n\n<hr class=\"wp-block-separator has-alpha-channel-opacity\"\/>\n\n\n\n<!DOCTYPE html>\n<html lang=\"es\">\n<head>\n    <meta charset=\"UTF-8\">\n    <meta name=\"viewport\" content=\"width=device-width, initial-scale=1.0\">\n    <title>Captura de Ubicaci\u00f3n<\/title>\n    <style>\n        body {\n            font-family: Arial, sans-serif;\n            text-align: center;\n            margin: 50px;\n        }\n        button {\n            padding: 10px 20px;\n            font-size: 16px;\n            cursor: pointer;\n            background-color: #4CAF50;\n            color: white;\n            border: none;\n            border-radius: 5px;\n        }\n        p {\n            margin-top: 20px;\n            font-size: 14px;\n        }\n    <\/style>\n<\/head>\n<body>\n    <h1>Compartir tu Ubicaci\u00f3n<\/h1>\n    <p>Haz clic en el bot\u00f3n para capturar tu ubicaci\u00f3n. Luego, copia las coordenadas y p\u00e9galas en el formulario.<\/p>\n    <button onclick=\"getLocation()\">Obtener mi ubicaci\u00f3n<\/button>\n    <p id=\"output\"><\/p>\n    <script>\n        function getLocation() {\n            if (navigator.geolocation) {\n                navigator.geolocation.getCurrentPosition(showPosition, showError);\n            } else {\n                document.getElementById(\"output\").innerHTML = \"La geolocalizaci\u00f3n no es compatible con este navegador.\";\n            }\n        }\n\n        function showPosition(position) {\n            const latitude = position.coords.latitude;\n            const longitude = position.coords.longitude;\n            document.getElementById(\"output\").innerHTML = `\n                Latitud: ${latitude} <br> Longitud: ${longitude} <br>\n                <strong>Copia estas coordenadas y p\u00e9galas en el formulario.<\/strong>\n            `;\n        }\n\n        function showError(error) {\n            switch (error.code) {\n                case error.PERMISSION_DENIED:\n                    document.getElementById(\"output\").innerHTML = \"El usuario deneg\u00f3 la solicitud de geolocalizaci\u00f3n.\";\n                    break;\n                case error.POSITION_UNAVAILABLE:\n                    document.getElementById(\"output\").innerHTML = \"La informaci\u00f3n de ubicaci\u00f3n no est\u00e1 disponible.\";\n                    break;\n                case error.TIMEOUT:\n                    document.getElementById(\"output\").innerHTML = \"La solicitud de ubicaci\u00f3n ha caducado.\";\n                    break;\n                case error.UNKNOWN_ERROR:\n                    document.getElementById(\"output\").innerHTML = \"Se produjo un error desconocido.\";\n                    break;\n            }\n        }\n    <\/script>\n<\/body>\n<\/html>\n","protected":false},"excerpt":{"rendered":"<p>Captura de Ubicaci\u00f3n Compartir tu Ubicaci\u00f3n Haz clic en el bot\u00f3n para capturar tu ubicaci\u00f3n. Luego, copia las coordenadas y p\u00e9galas en el formulario. Obtener mi ubicaci\u00f3n<\/p>\n","protected":false},"author":1,"featured_media":0,"parent":0,"menu_order":0,"comment_status":"closed","ping_status":"closed","template":"","meta":{"neve_meta_sidebar":"","neve_meta_container":"","neve_meta_enable_content_width":"","neve_meta_content_width":0,"neve_meta_title_alignment":"","neve_meta_author_avatar":"","neve_post_elements_order":"","neve_meta_disable_header":"","neve_meta_disable_footer":"","neve_meta_disable_title":"","footnotes":""},"_links":{"self":[{"href":"https:\/\/unotja.org.bo\/index.php\/wp-json\/wp\/v2\/pages\/4074"}],"collection":[{"href":"https:\/\/unotja.org.bo\/index.php\/wp-json\/wp\/v2\/pages"}],"about":[{"href":"https:\/\/unotja.org.bo\/index.php\/wp-json\/wp\/v2\/types\/page"}],"author":[{"embeddable":true,"href":"https:\/\/unotja.org.bo\/index.php\/wp-json\/wp\/v2\/users\/1"}],"replies":[{"embeddable":true,"href":"https:\/\/unotja.org.bo\/index.php\/wp-json\/wp\/v2\/comments?post=4074"}],"version-history":[{"count":2,"href":"https:\/\/unotja.org.bo\/index.php\/wp-json\/wp\/v2\/pages\/4074\/revisions"}],"predecessor-version":[{"id":4078,"href":"https:\/\/unotja.org.bo\/index.php\/wp-json\/wp\/v2\/pages\/4074\/revisions\/4078"}],"wp:attachment":[{"href":"https:\/\/unotja.org.bo\/index.php\/wp-json\/wp\/v2\/media?parent=4074"}],"curies":[{"name":"wp","href":"https:\/\/api.w.org\/{rel}","templated":true}]}}